- 2. Calculate g(-7).
12
Let u(d) = 5*d**2 + 16*d + 30. Calculate u(-2).
18
Let r(o) = o**3 - 6*o**2 - o + 26. Determine r(6).
20
Let a(b) = -6*b + 1. Calculate a(6).
-35
Let w(s) = -32*s - 81. Calculate w(-3).
15
Let a(y) = 2*y**3 - 97*y**2 - 51*y + 67. Determine a(49).
-31
Let i(v) = v**2 - 21*v + 40. Calculate i(17).
-28
Let t(s) = s**2 + 10*s - 11. Determine t(-9).
-20
Let w(m) = m**3 + m**2 + 5*m. Determine w(0).
0
Let g(p) = -21*p - 2. Give g(-2).
40
Let v(i) = -2*i**3 - i**2 + 2*i - 2. What is v(-2)?
6
Let x(h) = -7*h**2 + h + 11. Determine x(-4).
-105
Let l(w) = 5*w + 5. Calculate l(-8).
-35
Let c(x) = -x**2 + 3*x - 6. Give c(0).
-6
Let a(m) = 3*m - 5. Calculate a(7).
16
Let d(x) = -8*x. Calculate d(-4).
32
Let p(a) = -7*a - 2. What is p(6)?
-44
Let i(k) = 9*k - 19. Determine i(-7).
-82
Let g(x) = -2*x**3 - x**2 - 3. What is g(0)?
-3
Let p(d) = -3*d - 10. Give p(4).
-22
Let j(z) = -6*z**3 + z**2 + 3*z + 2. Determine j(-2).
48
Let f(a) = -110*a - 435. Calculate f(-4).
5
Let k(z) = 30*z**2 - 3*z - 2. What is k(-1)?
31
Let p(u) = -u**3 + 6*u**2 + 4*u. Give p(5).
45
Let t(u) = -4*u - 7. What is t(11)?
-51
Let t(y) = -y**2 - 10*y - 10. Calculate t(-6).
14
Let h(f) = -f - 2. What is h(3)?
-5
Let k(z) = z. Give k(-4).
-4
Let g(z) = z**3 + 16*z**2 + 11*z + 1. Determine g(-15).
61
Let l(k) = -k**3 - 32*k**2 + 31*k - 68. Determine l(-33).
-2
Let z(h) = h**2 + 17*h + 50. Determine z(-14).
8
Let r(t) = t**3 - 18*t**2 + 16*t + 14. Determine r(17).
-3
Let a(b) = 3*b**3 + b**2 - 4*b - 10. What is a(-3)?
-70
Let v(f) = 44*f**2 + f - 1. What is v(1)?
44
Let c(l) = -3*l**2 + 6*l + 11. What is c(9)?
-178
Let c(p) = 3*p**3 + p**2 + p + 1. Determine c(-3).
-74
Let q(k) = 19*k - 57. Give q(3).
0
Let n(k) = 3*k + 36. Determine n(-10).
6
Let i(f) = -f**3 + 6*f**2 + 3*f + 7. Give i(7).
-21
Let k(w) = -4*w**2 - 11*w - 10. Give k(-4).
-30
Let u(w) = -w**2 - 6*w - 2. What is u(-9)?
-29
Let q(k) = -k**3 - 7*k**2 + k + 5. Calculate q(-5).
-50
Let u(s) = -2*s**2 - s + 8. What is u(2)?
-2
Let y(x) = 26*x**2 - 45*x + 46. What is y(1)?
27
Let j(u) = u - 17. What is j(-17)?
-34
Let j(l) = l**3 - 9*l**2 + 4*l + 10. Determine j(8).
-22
Let r(o) = -7*o + 8. Give r(11).
-69
Let w(b) = 3*b + 5. Give w(-1).
2
Let s(r) = -3*r**2 + 2*r - 2. Calculate s(2).
-10
Let c(m) = 2*m**3 - m**2 + 2*m - 1. Calculate c(1).
2
Let y(a) = a - 25. Determine y(13).
-12
Let n(a) = -2*a**2 - 13*a + 6. What is n(2)?
-28
Let w(v) = 14*v - 188. Calculate w(13).
-6
Let h(c) = 2*c - 1. Calculate h(-4).
-9
Let n(p) = -p**3 - 9*p**2 + 2*p + 23. Give n(-9).
5
Let j(c) = -4*c + 41. Determine j(11).
-3
Let q(k) = -k**2 + 26*k + 20. Determine q(24).
68
Let m(k) = -k**3 + 6*k + 2. Give m(3).
-7
Let c(f) = -30*f - 9. Calculate c(2).
-69
Let o(k) = 5*k + 7. What is o(-3)?
-8
Let g(i) = i**2 + 3*i - 21. What is g(-7)?
7
Let k(h) = -21*h + 9. Give k(4).
-75
Let i(z) = z**3 - 27*z - 14. What is i(-5)?
-4
Let f(a) = -3*a**2 - 3*a + 1. Calculate f(2).
-17
Let w(b) = -2*b - 11. Calculate w(-14).
17
Let o(s) = -4*s**2 - 20*s + 7. Give o(-5).
7
Let w(v) = -v**3 + 11*v**2 - 11*v - 12. Calculate w(10).
-22
Let p(g) = g**2 + 36*g - 108. Calculate p(-39).
9
Let z(i) = 9*i - 101. Give z(16).
43
Let s(g) = g**2 - 17*g - 31. Determine s(19).
7
Let a(w) = -w**2 + 6*w - 3. Give a(6).
-3
Let f(r) = -r**2 - 10*r - 12. Give f(-6).
12
Let n(q) = q - 11. Determine n(15).
4
Let q(m) = m**2 - 4*m - 4. Determine q(5).
1
Let g(n) = -9*n**2 + 3*n - 2. Determine g(2).
-32
Let h(l) = 7*l + 11. What is h(-2)?
-3
Let r(u) = 5*u**2 - 3*u - 3. Determine r(-2).
23
Let p(u) = u**3 + 5*u**2 - 7*u - 8. Determine p(-6).
-2
Let a(f) = 2*f**2 - 15*f + 3. Calculate a(7).
-4
Let c(k) = -k**3 + 13*k**2 - 44*k + 12. What is c(8)?
-20
Let m(d) = -d**2 + 7*d + 1. Give m(-3).
-29
Let o(q) = -2*q + 23. What is o(10)?
3
Let j(k) = -5*k**2 + 27*k - 5. Calculate j(5).
5
Let p(c) = -c**3 + 35*c**2 - 66*c - 6. Determine p(33).
-6
Let u(j) = j**3 - 48*j**2 - 54*j + 244. Give u(49).
-1
Let d(z) = -5*z + 20. What is d(9)?
-25
Let g(s) = s**2 + 16*s - 15. Calculate g(-15).
-30
Let v(z) = 4*z + 2. Determine v(-14).
-54
Let k(v) = -v**2 + v. Calculate k(0).
0
Let f(y) = -y + 5. Determine f(3).
2
Let j(b) = -5*b**2 - 28*b - 1. Determine j(-7).
-50
Let m(a) = 4*a + 23. Calculate m(-9).
-13
Let b(s) = 2*s**3 - 20*s**2 - s - 3. What is b(10)?
-13
Let u(b) = -2*b**2 + 24*b - 10. What is u(12)?
-10
Let r(u) = -14*u + 64. What is r(5)?
-6
Let z(a) = a**3 - a - 1. Give z(-2).
-7
Let g(k) = -k**2 - k - 47. Calculate g(0).
-47
Let w(p) = 24*p - 125. Determine w(5).
-5
Let p(z) = z - 12. Calculate p(8).
-4
Let g(s) = -2*s**3 + 5*s**2 + 10*s. Give g(5).
-75
Let x(y) = 135*y + 5. Determine x(0).
5
Let j(n) = n**3 - 3*n**2 + n + 3. What is j(3)?
6
Let h(y) = y**3 + y**2 + 36. Determine h(0).
36
Let l(p) = p**3 - 18*p**2 + 17*p + 3. Calculate l(17).
3
Let a(n) = 42*n. Give a(1).
42
Let x(g) = -g**3 - 5*g**2 + 10*g + 2. Give x(-7).
30
Let w(u) = u**3 + 10*u**2 + 5*u - 1. Determine w(-11).
-177
Let w(b) = 6*b + 1. Calculate w(-1).
-5
Let d(m) = m**2 + 25*m - 31. Calculate d(-23).
-77
Let d(r) = r**2 - 14*r - 17. What is d(15)?
-2
Let v(b) = 2*b**3 + b**2 - 3*b - 3. Give v(-3).
-39
Let n(h) = -h + 7. Give n(6).
1
Let l(d) = 5*d - 8. What is l(5)?
17
Let x(o) = -8*o - 7. Determine x(-10).
73
Let a(s) = 5*s + 67. Calculate a(-15).
-8
Let j(m) = 132*m**2 - 4*m + 2. Determine j(1).
130
Let h(v) = 19*v - 63. Give h(3).
-6
Let h(s) = 17*s + 465. Give h(-28).
-11
Let b(o) = o + 8. What is b(11)?
19
Let z(f) = -f**3 - 4*f**2 + 2*f + 3. Calculate z(-3).
-12
Let x(k) = -k**2 - 7*k + 14. Determine x(-10).
-16
Let o(y) = -y**3 + 5*y**2 + 3*y - 5. Determine o(5).
10
Let s(h) = 2*h**3 + 8*h**2 + 4. Calculate s(-6).
-140
Let q(m) = m**3 + 7*m**2 - 8*m - 56. What is q(-7)?
0
Let q(a) = 41*a + 7. What is q(-4)?
-157
Let a(f) = 5*f + 2. What is a(-6)?
-28
Let y(u) = -2*u + 6. Determine y(-12).
30
Let w(x) = -x**3 - 36*x**2 - 68*x - 7. Determine w(-34).
-7
Let b(r) = -9*r + 2. Calculate b(-1).
11
Let s(c) = -c**3 - 22*c**2 + 76*c + 24. What is s(-25)?
-1
Let y(a) = a**3 - 15*a**2 - 17*a + 29. Calculate y(16).
13
Let u(z) = -8*z + 1. Determine u(-1).
9
Let j(f) = 3*f + 2. Give j(2).
8
Let v(t) = -3*t + 8. Determine v(4).
-4
Let i(c) = c**3 - 13*c**2 - c + 13. Give i(13).
0
Let h(t) = -t**3 + 2*t**2 + t. What is h(-1)?
2
Let q(l) = l**2 - 27*l + 104. Determine q(6).
-22
Let b(h) = 10*h - 168. Give b(17).
2
Let x(q) = -3*q + 11. Determine x(13).
-28
Let w(p) = p**3 + 11*p**2 + 12*p + 1. Determine w(-10).
-19
Let n(u) = u**3 - 6*u**2 - 10*u + 30. What is n(5)?
-45
Let x(h) = -h**3 - h**2 - 5*h - 3. Determine x(-3).
30
Let d(m) = m**3 + 3*m**2 - 26*m - 76. Determine d(-3).
2
Let m(k) = -8*k + 32. Give m(4).
0
Let v(x) = x - 6. What is v(-13)?
-19
Let i(q) = -2*q - 122. Determine i(-11).
-100
Let i(j) = 17*j**2 + 8*j - 8. What is i(1)?
17
Let t(o) = 3*o + 8. Determine t(-2).
2
Let x(g) = g**3 - 49*g**2 + 2*g - 103. Calculate x(49).
-5
Let u(p) = -p**2 - 2*p + 20. Calculate u(0).
20
Let a(g) = 2*g + 5. Give a(-4).
-3
Let a(v) = -14*v - 67. Calculate a(-5).
3
Let c(j) = -83*j + 3. Determine c(-1).
86
Let o(v) = v**2 + 5. Calculate o(4).
21
Let v(y) = -y**2 + 13*y - 16. Determine v(12).
-4
Let i(t) = -t**2 + 18*t - 4. What is i(14)?
52
Let y(b) = -27*b + 353. Give y(13).
2
Let d(a) = a - 20. Give d(11).
-9
Let g(q) = 62*q - 239. What is g(4)?
9
Let s(b) = -b**2 + 88*b - 176. What is s(86)?
-4
Let j(x) = -x**3 + 17*x**2 + 24*x - 41. Determine j(18).
67
Let r(i) = -i - 1. Determine r(-7).
6
Let y(w) = w**2 - 9*w + 32. Determine y(9).
32
Let q(w) = -4*w. Give q(-13).
52
Let i(a) = a**2 + 12*a + 23. What is i(-10)?
3
Let n(i) = i**3 + 13*i**2 + 23*i + 16. What is n(-11)?
5
Let j(w) = -w**2 + 6*w + 11. What is j(8)?
-5
Let l(h) = -2*h + 19. Calculate l(10).
-1
Let d(a) = 10*a - 3. Give d(7).
67
Let f(x) = x**2 - 3*x - 12. What is f(7)?
16
Let d(i) = 6*i. Give d(-2).
-12
Let z(v) = 2*v**3 - v - 2. Calculate z(-1).
-3
Let s(g) = -25*g + 120. Give s(5).
-5
Let h(z) = -6*z - 18. Determine h(-9).
36
Let o(y) = 2*y + 8. Calculate o(-1).
6
Let z(t) = 15*t**2 + 662*t + 86. Give z(-44).
-2
Let g(u) = -u**2 + 13*u + 21. Calculate g(-4).
-47
Let i(v) = v**3 - 4*v**2 - 6*v. What is i(5)?
-5
Let i(v) = 2*v**3 - 4*v**2 - 16*v 